{"version":"1.0","provider_name":"KSPNSZZ","provider_url":"https:\/\/kspnszz.org","author_name":"bartlomiej","author_url":"https:\/\/kspnszz.org\/index.php\/author\/bartlomiej\/","title":"Arkadiusz Przyby\u0142a Zast\u0119pc\u0105 Komendanta G\u0142\u00f3wnego PSP - KSPNSZZ","type":"rich","width":600,"height":338,"html":"<blockquote class=\"wp-embedded-content\" data-secret=\"0O1QkEfJuf\"><a href=\"https:\/\/kspnszz.org\/index.php\/2019\/12\/16\/arkadiusz-przybyla-zastepca-komendanta-glownego-psp\/\">Arkadiusz Przyby\u0142a Zast\u0119pc\u0105 Komendanta G\u0142\u00f3wnego PSP<\/a><\/blockquote><iframe sandbox=\"allow-scripts\" security=\"restricted\" src=\"https:\/\/kspnszz.org\/index.php\/2019\/12\/16\/arkadiusz-przybyla-zastepca-komendanta-glownego-psp\/embed\/#?secret=0O1QkEfJuf\" width=\"600\" height=\"338\" title=\"&#8222;Arkadiusz Przyby\u0142a Zast\u0119pc\u0105 Komendanta G\u0142\u00f3wnego PSP&#8221; &#8212; KSPNSZZ\" data-secret=\"0O1QkEfJuf\" frameborder=\"0\" marginwidth=\"0\" marginheight=\"0\" scrolling=\"no\" class=\"wp-embedded-content\"><\/iframe><script type=\"text\/javascript\">\n\/* <![CDATA[ *\/\n\/*! This file is auto-generated *\/\n!function(d,l){\"use strict\";l.querySelector&&d.addEventListener&&\"undefined\"!=typeof URL&&(d.wp=d.wp||{},d.wp.receiveEmbedMessage||(d.wp.receiveEmbedMessage=function(e){var t=e.data;if((t||t.secret||t.message||t.value)&&!\/[^a-zA-Z0-9]\/.test(t.secret)){for(var s,r,n,a=l.querySelectorAll('iframe[data-secret=\"'+t.secret+'\"]'),o=l.querySelectorAll('blockquote[data-secret=\"'+t.secret+'\"]'),c=new RegExp(\"^https?:$\",\"i\"),i=0;i<o.length;i++)o[i].style.display=\"none\";for(i=0;i<a.length;i++)s=a[i],e.source===s.contentWindow&&(s.removeAttribute(\"style\"),\"height\"===t.message?(1e3<(r=parseInt(t.value,10))?r=1e3:~~r<200&&(r=200),s.height=r):\"link\"===t.message&&(r=new URL(s.getAttribute(\"src\")),n=new URL(t.value),c.test(n.protocol))&&n.host===r.host&&l.activeElement===s&&(d.top.location.href=t.value))}},d.addEventListener(\"message\",d.wp.receiveEmbedMessage,!1),l.addEventListener(\"DOMContentLoaded\",function(){for(var e,t,s=l.querySelectorAll(\"iframe.wp-embedded-content\"),r=0;r<s.length;r++)(t=(e=s[r]).getAttribute(\"data-secret\"))||(t=Math.random().toString(36).substring(2,12),e.src+=\"#?secret=\"+t,e.setAttribute(\"data-secret\",t)),e.contentWindow.postMessage({message:\"ready\",secret:t},\"*\")},!1)))}(window,document);\n\/* ]]> *\/\n<\/script>\n","thumbnail_url":"http:\/\/kspnszz.org\/wp-content\/uploads\/2019\/12\/arek.jpg","thumbnail_width":1019,"thumbnail_height":521,"description":"Z dniem 17 grudnia 2019 r. minister Spraw Wewn\u0119trznych i Administracji na wniosek komendanta g\u0142\u00f3wnego Pa\u0144stwowej Stra\u017cy Po\u017carnej powo\u0142a\u0142 m\u0142. bryg. mgr. Arkadiusza Przyby\u0142\u0119 na stanowisko zast\u0119pcy komendanta g\u0142\u00f3wnego PSP. M\u0142. bryg. Arkadiusz Przyby\u0142a dotychczas by\u0142 Zast\u0119pc\u0105 Wielkopolskiego Komendanta Wojew\u00f3dzkiego PSP. Zajmowa\u0142 to stanowisko od listopada 2016 roku. Wcze\u015bniej by\u0142 dow\u00f3dc\u0105 sekcji i dow\u00f3dc\u0105 zmiany &hellip;"}

Arkadiusz Przybyła Zastępcą Komendanta Głównego PSP - KSPNSZZ

<blockquote class="wp-embedded-content" data-secret="0O1QkEfJuf"><a href="https://kspnszz.org/index.php/2019/12/16/arkadiusz-przybyla-zastepca-komendanta-glownego-psp/">Arkadiusz Przybyła Zastępcą Komendanta Głównego PSP</a></blockquote><iframe sandbox="allow-scripts" security="restricted" src="https://kspnszz.org/index.php/2019/12/16/arkadiusz-przybyla-zastepca-komendanta-glownego-psp/embed/#?secret=0O1QkEfJuf" width="600" height="338" title="&#8222;Arkadiusz Przybyła Zastępcą Komendanta Głównego PSP&#8221; &#8212; KSPNSZZ" data-secret="0O1QkEfJuf" frameborder="0" marginwidth="0" marginheight="0" scrolling="no" class="wp-embedded-content"></iframe><script type="text/javascript">
/* <![CDATA[ */
/*! This file is auto-generated */
!function(d,l){"use strict";l.querySelector&&d.addEventListener&&"undefined"!=typeof URL&&(d.wp=d.wp||{},d.wp.receiveEmbedMessage||(d.wp.receiveEmbedMessage=function(e){var t=e.data;if((t||t.secret||t.message||t.value)&&!/[^a-zA-Z0-9]/.test(t.secret)){for(var s,r,n,a=l.querySelectorAll('iframe[data-secret="'+t.secret+'"]'),o=l.querySelectorAll('blockquote[data-secret="'+t.secret+'"]'),c=new RegExp("^https?:$","i"),i=0;i<o.length;i++)o[i].style.display="none";for(i=0;i<a.length;i++)s=a[i],e.source===s.contentWindow&&(s.removeAttribute("style"),"height"===t.message?(1e3<(r=parseInt(t.value,10))?r=1e3:~~r<200&&(r=200),s.height=r):"link"===t.message&&(r=new URL(s.getAttribute("src")),n=new URL(t.value),c.test(n.protocol))&&n.host===r.host&&l.activeElement===s&&(d.top.location.href=t.value))}},d.addEventListener("message",d.wp.receiveEmbedMessage,!1),l.addEventListener("DOMContentLoaded",function(){for(var e,t,s=l.querySelectorAll("iframe.wp-embedded-content"),r=0;r<s.length;r++)(t=(e=s[r]).getAttribute("data-secret"))||(t=Math.random().toString(36).substring(2,12),e.src+="#?secret="+t,e.setAttribute("data-secret",t)),e.contentWindow.postMessage({message:"ready",secret:t},"*")},!1)))}(window,document);
/* ]]> */
</script>

Z dniem 17 grudnia 2019 r. minister Spraw Wewnętrznych i Administracji na wniosek komendanta głównego Państwowej Straży Pożarnej powołał mł. bryg. mgr. Arkadiusza Przybyłę na stanowisko zastępcy komendanta głównego PSP. Mł. bryg. Arkadiusz Przybyła dotychczas był Zastępcą Wielkopolskiego Komendanta Wojewódzkiego PSP. Zajmował to stanowisko od listopada 2016 roku. Wcześniej był dowódcą sekcji i dowódcą zmiany &hellip;
